 4/(-14). Let s(y) = -y**3 + 5*y**2 + y + 4. Let n be s(5). Let c = n + g. List the prime factors of c.
2, 5
Let g = -7 - -5. Let k be (g/5)/((-2)/10). Suppose -2*f - k = -26. List the prime factors of f.
2, 3
Let v(m) be the third derivative of -m**4/24 + m**3/2 + 2*m**2. Suppose 0 = 4*x - 3*z - 15 + 3, 3*x - 5*z - 20 = 0. What are the prime factors of v(x)?
3
Suppose h = -5 - 1. Let j = 19 + h. List the prime factors of j.
13
Suppose -u = p - 3, -2 = 2*p - 0. Let k(l) = -l. Let r be k(-6). Suppose r = 6*x - u*x. List the prime factors of x.
3
What are the prime factors of (46/4 + 5)*6?
3, 11
Let u = 1 + 0. Let q(s) = 28*s**2 - 1. Let x be q(u). Suppose x = 3*k + 5*g, k - 2*k = 3*g - 9. What are the prime factors of k?
3
Let f(y) = y**2 + y - 3. Let s = -11 + 7. What are the prime factors of f(s)?
3
Suppose -a - 9 = 3*p + 27, -20 = p + 3*a. Let j = -3 - p. What are the prime factors of j?
2
Let i(v) = -v**2 + 4*v - 4. Let o be i(3). Let m be (2 + -2 - o)*-19. Let w = -11 - m. List the prime factors of w.
2
Suppose -g + 7 + 0 = -3*y, 5*g = -2*y + 18. Let w = -4 + g. Suppose 5*v = w, v = h + 1 - 8. List the prime factors of h.
7
Let l be 2/(-3)*36/(-8). Suppose 0 = 5*q + 3*d - 43 - 87, -l*q - 2*d = -79. List the prime factors of q.
23
Let j(k) = 2*k**2 - 22*k - 12. What are the prime factors of j(-6)?
2, 3
Let u = 69 + -37. Suppose -2*o - 2*o + u = 0. What are the prime factors of o?
2
Let n = 39 + 3. Let v = -11 + n. What are the prime factors of v?
31
Suppose -t + l = 2*t - 43, -5*t + 5*l + 65 = 0. Let s be (-3)/(t/2)*5. Let n = 6 + s. What are the prime factors of n?
2
Let y(f) = -f**2 - 9*f - 9. Let o be y(-6). List the prime factors of o + -3 + 0/2.
2, 3
Suppose -4*j + 13 = -11. List the prime factors of (14/j)/(6/18).
7
Let j(u) = u**2 - 11*u + 11. Suppose 3*k = -t + 19, -2*k - 6 = 4*t - 2. Let c be j(k). What are the prime factors of 3 + -1 + (-4 - c)?
11
What are the prime factors of (-9 + (1 - -2))*-9?
2, 3
Let c = 15 + 55. List the prime factors of c.
2, 5, 7
Let b = 7 - -50. Let m = b + -13. What are the prime factors of m?
2, 11
Suppose 0 = -6*o + 11*o - 375. List the prime factors of o.
3, 5
Let t = 7 + -3. Suppose 2 = c - t. What are the prime factors of c?
2, 3
Let k(u) be the third derivative of -u**6/120 - u**5/20 - u**4/6 - u**3/3 + 2*u**2. Let m = 3 - 6. List the prime factors of k(m).
2, 5
Suppose 0 = 3*o - 4*o + 5. Suppose 0*p = p + 3*q + o, 2*p - 5*q = 23. List the prime factors of p.
2
Suppose 3*l - 6*l = 3*v + 3, 0 = 4*l + 3*v. What are the prime factors of 5 + -1*(l + -4)?
2, 3
Let i(n) = n**2 + 9*n + 25. What are the prime factors of i(-10)?
5, 7
Let h = 7 - 0. What are the prime factors of h?
7
List the prime factors of ((0 - -2)/(-6))/(2/(-300)).
2, 5
Suppose -3*o = -6*o + 6. Let m(w) = w**2 - 4*w. Let j be m(5). Let x = j + o. What are the prime factors of x?
7
Suppose 43 = 6*l - 293. What are the prime factors of l?
2, 7
Suppose 7*l - 4*l + 5*t - 504 = 0, -l = -4*t - 151. What are the prime factors of l?
163
Let u be (-14)/(-2)*32/112. Suppose 2*t + i - 99 = 0, -3*t + i = -u*t - 48. List the prime factors of t.
7
Suppose 1 = 2*o - 3. Suppose -5*u + 136 = p - o*p, -u = 4*p - 23. Suppose -4*t + u = -29. What are the prime factors of t?
2, 7
Suppose 4*w = -0*w. Let p(j) = -2 + w - 5*j**2 - 5 - j**2 + j**3 - 5*j. What are the prime factors of p(7)?
7
Let s(m) = -3*m + 1. Let x(t) = -t**2 + 4*t - 1. Let g(i) = -4*s(i) - 3*x(i). What are the prime factors of g(-2)?
11
Let h(k) = -k + 21. Let q(i) = 4*i + 1 - 3*i - i**2 - 4*i - 3*i. Let d be q(-4). What are the prime factors of h(d)?
2, 3
Suppose -2*u + 42 = 4*h, h + 4 = -h + 4*u. Suppose 5*b + 2 = -h. List the prime factors of 3*b*3/(-6).
3
Let d(k) = -k**2 + 5*k + 3. Let v be d(5). Suppose -5 = 3*g - 11, -v*g - 9 = -3*l. List the prime factors of l.
5
Let g(l) = l**3 + 2*l**2 - 3*l + 1. Suppose 7 + 1 = 4*q. List the prime factors of g(q).
11
Let u = -6 + 8. Suppose -u*a - 2*a = 0. Suppose -3*o + 5*c + 41 = a, -5*o + 3*o + 28 = -4*c. What are the prime factors of o?
2, 3
Suppose 0 = -5*d - 3 + 13. List the prime factors of 18/8*(2 + d).
3
List the prime factors of (44 - 6) + 1 + -5.
2, 17
Suppose -l = -4*l + 12. Suppose -50 = -5*u + 2*i, -4*u + 2*u + 20 = -l*i. List the prime factors of u.
2, 5
Let c(k) = k - 2. Suppose p - 3*f = 25, 4*p = f + 31 + 14. List the prime factors of c(p).
2
Let p = 56 - 41. What are the prime factors of p?
3, 5
Let r(s) = 4*s**2 - 4*s - 15. What are the prime factors of r(5)?
5, 13
Suppose 4 + 12 = 8*d. List the prime factors of d.
2
List the prime factors of (2 + 0)*(-759)/(-22).
3, 23
Suppose 27 = -k - 0*d - 4*d, 3*d = -12. Let z = 20 + k. List the prime factors of z.
3
Let g = -132 + 76. List the prime factors of (-2)/10 - g/5.
11
Suppose 3*t - 33 = -5*m, m - 3*m + 58 = 4*t. What are the prime factors of t?
2
Let k(p) = -p**2 - 2*p - 3. Let w be k(-4). Let j = -3 - w. What are the prime factors of j?
2
Suppose -5*o = -o + 16. Let m = o - -16. What are the prime factors of m?
2, 3
Suppose -5*u + 4*n + 0*n = -146, 0 = 2*n + 8. List the prime factors of u.
2, 13
Let u = 33 + -13. Suppose 3 = i - u. What are the prime factors of i?
23
Let j(t) = 24*t**2 - 2*t + 2. What are the prime factors of j(-2)?
2, 3, 17
Suppose 0 = -2*p - 2*p - 56. Let g = p - -24. What are the prime factors of g?
2, 5
Let l be (1 - -61) + 2 + -4. Let o = l + -16. List the prime factors of o.
2, 11
Let s(f) = 4*f**2 - 4*f + 3. Let i be s(-5). List the prime factors of (-7 + i)/(2*1).
2, 29
Suppose 3*a + 13 = -2, 0 = 4*d - 2*a - 94. List the prime factors of d.
3, 7
Suppose c = 3*c - 4*a + 8, -8 = -4*c + 2*a. What are the prime factors of (2/c)/(1/18)?
3
Let o = 13 + -14. Let u = o + 3. What are the prime factors of u?
2
Suppose -4*g + g = 3. What are the prime factors of -7*g/(14/48)?
2, 3
Let y(i) = i**2 - 10*i - 4. Let v be y(10). Let g = 5 + v. Suppose 46 - g = 3*k. List the prime factors of k.
3, 5
Let q = 38 + -9. What are the prime factors of q?
29
Suppose 4*q + 3*r = -36, -3*q = -6*q - r - 22. List the prime factors of (-93)/q*(1 - -1).
31
Let x(v) = v**2 + 5*v + 6. Let c be x(-4). Suppose 0 = c*q + 2*q - 8. Suppose -q*i = -3*i + 12. What are the prime factors of i?
2, 3
Let q(o) = -11*o - 2. Let t be -2*3/(-12)*-4. Let y be q(t). Suppose 0 = w + 3*w - y. What are the prime factors of w?
5
Suppose 0 = -2*n - 2*k - 0*k + 38, 0 = 4*n + k - 61. Suppose z = -0*z + n. What are the prime factors of z?
2, 7
Let h(o) = o**2 + 5*o + 1. Let b be h(-5). What are the prime factors of -5*((-11)/5 + b)?
2, 3
Suppose -o = -2 - 4. Let z = o - 0. What are the prime factors of z?
2, 3
Suppose -2*k + 2*j = 4, j - 2*j = k - 2. Suppose -i + 4*i = -3*n, k = 4*i - n + 25. Let u(h) = -h**3 - 4*h**2 + 4*h + 1. What are the prime factors of u(i)?
2, 3
Let w = 14 + -9. Suppose -w - 13 = -2*y. List the prime factors of y.
3
Suppose 0 = 3*f + 4*g - 68, 0 = f + 7*g - 3*g - 20. What are the prime factors of f?
2, 3
Suppose -5*s = 15, 1 = -2*h - s + 2. Let y be -2 - (4/2 - h). Let q = 9 + y. What are the prime factors of q?
7
Let h be 11/3 - 4/6. Let a(z) = z**3 + 5*z**2 + 3*z + 5. Let b be a(-4). Suppose -25 = -2*f - 3*v - 7, -b = -f - h*v. List the prime factors of f.
3
Let d(t) = t + 9. Let x be d(-5). Suppose -x*a + 3 = -17. Suppose 3*s - 35 = -a*c, c + 25 = 6*c + 5*s. What are the prime factors of c?
2, 5
Suppose m + 4*r = 52, -m - 2*m - 3*r + 111 = 0. List the prime factors of m.
2
Suppose -2*n + 0 = 5*p - 14, 4*n = 4*p. Suppose 0 = 5*j + n*u - 0*u - 33, -4*j - 4*u + 36 = 0. Let y = j - 3. What are the prime factors of y?
2
Let z(h) = 19*h + 2. List the prime factors of z(1).
3, 7
Let u(f) = -f**2 - 5*f - 4. Let c be u(-2). Suppose 0 = -5*m + 2*w + 170, -2*m - 4*w = -c*w - 82. What are the prime factors of m?
2, 3
Let g(p) = 3*p - 3. Let l be g(4). Suppose -l = -3*q - 3*z + 30, 5*q - 38 = 4*z. List the prime factors of q.
2, 5
Suppose 2*d + 4*b = 11 + 35, -d + 25 = b. What are the prime factors of d?
3
Let u be ((-2)/(-5))/(2/10). Suppose -o + 7 = u*z, 3 = -3*o - 3*z + 18. List the prime factors of o.
3
Suppose 2*r - 8 = -2. Let f be (4/5)/((-4)/(-10)). Suppose -r*c + f = -2*c. What are the prime factors of c?
2
Let i(c) = -c**3 + 3*c + 2. List the prime factors of i(-4).
2, 3
Suppose